588 and 25396.
28
Calculate the highest common factor of 274263 and 99.
33
Calculate the highest common divisor of 40 and 245260.
20
Calculate the greatest common divisor of 25935 and 6783.
399
What is the highest common factor of 92 and 202078?
46
Calculate the highest common factor of 59225 and 475.
25
What is the greatest common divisor of 76045 and 13132?
67
Calculate the greatest common divisor of 855 and 32433.
57
Calculate the highest common divisor of 182 and 1286194.
182
What is the highest common factor of 72 and 131940?
36
What is the greatest common divisor of 55 and 744887?
11
Calculate the highest common divisor of 1258 and 986.
34
Calculate the highest common factor of 14 and 3484852.
14
Calculate the highest common divisor of 700803 and 12.
3
What is the greatest common divisor of 105 and 505140?
15
What is the greatest common factor of 3219 and 5439?
111
Calculate the greatest common divisor of 335626 and 82.
82
What is the highest common factor of 581640 and 21090?
1110
What is the highest common divisor of 9 and 30192?
3
Calculate the greatest common factor of 94400 and 100.
100
What is the greatest common divisor of 1679532 and 714?
102
What is the greatest common divisor of 127635 and 5715?
1905
What is the highest common factor of 233188 and 3977?
97
Calculate the greatest common divisor of 216 and 363336.
24
What is the greatest common factor of 12408 and 12549?
141
Calculate the greatest common factor of 237558 and 1156.
578
Calculate the greatest common divisor of 5 and 448405.
5
Calculate the highest common divisor of 142704 and 144.
144
Calculate the highest common factor of 74 and 153106.
74
What is the greatest common factor of 20293 and 6690?
223
Calculate the greatest common divisor of 60620 and 52.
4
Calculate the highest common factor of 2664 and 1062.
18
What is the highest common divisor of 6897 and 1936?
121
What is the greatest common factor of 588784 and 2352?
784
What is the greatest common divisor of 70 and 850?
10
Calculate the highest common divisor of 190475 and 475.
475
What is the greatest common divisor of 378792 and 24?
24
What is the greatest common divisor of 107648 and 5104?
464
What is the highest common factor of 65 and 961259?
13
What is the greatest common divisor of 466983 and 9?
9
Calculate the highest common factor of 318 and 118826.
106
Calculate the highest common factor of 38 and 62833.
19
What is the highest common factor of 104006 and 966?
322
Calculate the greatest common divisor of 13 and 612599.
13
Calculate the highest common divisor of 77425 and 75.
25
What is the highest common divisor of 425 and 1875695?
85
Calculate the greatest common factor of 40825 and 38695.
355
Calculate the greatest common divisor of 45 and 19683.
9
What is the greatest common divisor of 12934 and 754?
58
Calculate the highest common divisor of 519732 and 132.
12
Calculate the greatest common factor of 4527760 and 120.
40
Calculate the highest common factor of 58044 and 696.
12
Calculate the highest common divisor of 184 and 5.
1
Calculate the highest common factor of 3968 and 5332.
124
What is the highest common divisor of 14405 and 2345?
335
Calculate the highest common factor of 3900 and 550.
50
What is the highest common divisor of 13530 and 177870?
330
What is the greatest common factor of 14 and 48643?
7
Calculate the greatest common divisor of 19523 and 7.
7
Calculate the greatest common factor of 8192 and 688.
16
Calculate the highest common factor of 54 and 2688138.
18
What is the greatest common divisor of 17562 and 972?
6
Calculate the highest common factor of 6107 and 10013.
31
Calculate the highest common factor of 473 and 1540.
11
What is the greatest common divisor of 1800 and 204?
12
Calculate the greatest common factor of 1168 and 120.
8
Calculate the greatest common factor of 46240 and 4960.
160
Calculate the greatest common divisor of 106 and 1665419.
53
Calculate the highest common factor of 289949 and 2365.
473
Calculate the greatest common factor of 20 and 230210.
10
What is the greatest common divisor of 3956 and 602?
86
What is the greatest common factor of 348131 and 1845?
41
What is the highest common divisor of 322085 and 37?
37
What is the highest common divisor of 150171 and 21?
21
Calculate the greatest common factor of 33825 and 77.
11
Calculate the highest common divisor of 1768 and 36413.
13
Calculate the highest common divisor of 6540 and 180.
60
Calculate the highest common divisor of 70 and 649330.
10
What is the greatest common divisor of 108 and 15606?
54
What is the greatest common divisor of 4014021 and 99?
33
What is the highest common divisor of 10929912 and 408?
408
Calculate the greatest common divisor of 6210 and 8510.
230
What is the greatest common factor of 30 and 88692?
6
What is the greatest common divisor of 2664 and 259592?
296
Calculate the greatest common divisor of 2900 and 362935.
145
What is the highest common divisor of 8019 and 3168?
99
Calculate the highest common divisor of 109 and 43818.
109
Calculate the highest common factor of 100579 and 299.
23
What is the highest common factor of 2574 and 715?
143
What is the highest common factor of 14319 and 18?
9
Calculate the greatest common divisor of 6835545 and 45.
45
Calculate the highest common divisor of 3692394 and 54.
18
What is the highest common factor of 156418 and 16942?
394
What is the highest common factor of 12 and 64326?
6
What is the highest common divisor of 456 and 150936?
456
What is the highest common factor of 2691 and 4446?
117
What is the greatest common factor of 416 and 16172?
52
What is the greatest common divisor of 41236 and 2197?
169
Calculate the greatest common factor of 1322872 and 1370.
274
Calculate the highest common factor of 356655 and 295.
295
Calculate the highest common factor of 12519 and 282159.
963
Calculate the greatest common divisor of 9932475 and 50.
25
What is the highest common divisor of 181992 and 4?
4
What is the greatest common divisor of 17160 and 3003?
429
Calculate the greatest common divisor of 2630 and 1040.
10
Calculate the greatest common divisor of 33620 and 1271.
41
Calculate the greatest common divisor of 253629 and 81.
9
Calculate the highest common divisor of 176 and 7408.
16
What is the highest common divisor of 22831 and 1264?
79
What is the greatest common divisor of 12216 and 384?
24
What is the highest common factor of 303682 and 6?
2
Calculate the highest common divisor of 10268 and 1510.
302
Calculate the highest common divisor of 2333177 and 9891.
1099
Calculate the highest common divisor of 335 and 6968.
67
Calculate the highest common factor of 234356 and 492.
164
What is the greatest common factor of 975 and 1536405?
195
What is the greatest common factor of 114241 and 184?
23
Calculate the greatest common divisor of 156300 and 150.
150
What is the greatest common divisor of 72 and 4059?
9
Calculate the highest common divisor of 585811 and 118.
59
Calculate the greatest common divisor of 303799 and 5071.
461
What is the greatest common factor of 2684 and 538508?
244
Calculate the greatest common divisor of 101303 and 177.
59
Calculate the highest common divisor of 1904 and 64.
16
What is the highest common factor of 918 and 9012?
6
Calculate the highest common divisor of 475 and 36100.
475
What is the highest common divisor of 11550 and 3234?
462
Calculate the highest common factor of 61 and 427061.
61
Calculate the greatest common divisor of 9910 and 1255.
5
Calculate the highest common divisor of 511 and 60179.
7
What is the highest common divisor of 429 and 803?
11
Calculate the highest common divisor of 20 and 14285.
5
Calculate the highest common divisor of 21437 and 51272.
221
Calculate the greatest common factor of 94428 and 645.
129
What is the highest common divisor of 7464 and 18?
6
Calculate the greatest common factor of 14 and 10843.
7
What is the highest common factor of 154 and 249844?
14
What is the highest common factor of 1315197 and 468?
117
What is the greatest common divisor of 1416 and 444?
12
What is the highest common divisor of 39 and 1040091?
39
Calculate the highest common factor of 460395 and 3.
3
What is the highest common divisor of 145 and 665?
5
Calculate the highest common divisor of 587